{"id":1308,"date":"2025-06-13T09:20:14","date_gmt":"2025-06-13T09:20:14","guid":{"rendered":"https:\/\/livingfrompassion2profits.com\/cci\/?page_id=1308"},"modified":"2025-06-13T09:33:40","modified_gmt":"2025-06-13T09:33:40","slug":"phototheque","status":"publish","type":"page","link":"https:\/\/livingfrompassion2profits.com\/cci\/phototheque\/","title":{"rendered":"Phototh\u00e8que"},"content":{"rendered":"\t\t<div data-elementor-type=\"wp-page\" data-elementor-id=\"1308\" class=\"elementor elementor-1308\" data-elementor-settings=\"{&quot;element_pack_global_tooltip_width&quot;:{&quot;unit&quot;:&quot;px&quot;,&quot;size&quot;:&quot;&quot;,&quot;sizes&quot;:[]},&quot;element_pack_global_tooltip_width_tablet&quot;:{&quot;unit&quot;:&quot;px&quot;,&quot;size&quot;:&quot;&quot;,&quot;sizes&quot;:[]},&quot;element_pack_global_tooltip_width_mobile&quot;:{&quot;unit&quot;:&quot;px&quot;,&quot;size&quot;:&quot;&quot;,&quot;sizes&quot;:[]},&quot;element_pack_global_tooltip_padding&quot;:{&quot;unit&quot;:&quot;px&quot;,&quot;top&quot;:&quot;&quot;,&quot;right&quot;:&quot;&quot;,&quot;bottom&quot;:&quot;&quot;,&quot;left&quot;:&quot;&quot;,&quot;isLinked&quot;:true},&quot;element_pack_global_tooltip_padding_tablet&quot;:{&quot;unit&quot;:&quot;px&quot;,&quot;top&quot;:&quot;&quot;,&quot;right&quot;:&quot;&quot;,&quot;bottom&quot;:&quot;&quot;,&quot;left&quot;:&quot;&quot;,&quot;isLinked&quot;:true},&quot;element_pack_global_tooltip_padding_mobile&quot;:{&quot;unit&quot;:&quot;px&quot;,&quot;top&quot;:&quot;&quot;,&quot;right&quot;:&quot;&quot;,&quot;bottom&quot;:&quot;&quot;,&quot;left&quot;:&quot;&quot;,&quot;isLinked&quot;:true},&quot;element_pack_global_tooltip_border_radius&quot;:{&quot;unit&quot;:&quot;px&quot;,&quot;top&quot;:&quot;&quot;,&quot;right&quot;:&quot;&quot;,&quot;bottom&quot;:&quot;&quot;,&quot;left&quot;:&quot;&quot;,&quot;isLinked&quot;:true},&quot;element_pack_global_tooltip_border_radius_tablet&quot;:{&quot;unit&quot;:&quot;px&quot;,&quot;top&quot;:&quot;&quot;,&quot;right&quot;:&quot;&quot;,&quot;bottom&quot;:&quot;&quot;,&quot;left&quot;:&quot;&quot;,&quot;isLinked&quot;:true},&quot;element_pack_global_tooltip_border_radius_mobile&quot;:{&quot;unit&quot;:&quot;px&quot;,&quot;top&quot;:&quot;&quot;,&quot;right&quot;:&quot;&quot;,&quot;bottom&quot;:&quot;&quot;,&quot;left&quot;:&quot;&quot;,&quot;isLinked&quot;:true}}\" data-elementor-post-type=\"page\">\n\t\t\t\t<div class=\"elementor-element elementor-element-7cc2806 e-flex e-con-boxed e-con e-parent\" data-id=\"7cc2806\" data-element_type=\"container\" data-e-type=\"container\" data-settings=\"{&quot;background_background&quot;:&quot;classic&quot;}\">\n\t\t\t\t\t<div class=\"e-con-inner\">\n\t\t\t\t<div class=\"elementor-element elementor-element-27dcd33 elementor-widget elementor-widget-heading\" data-id=\"27dcd33\" data-element_type=\"widget\" data-e-type=\"widget\" data-widget_type=\"heading.default\">\n\t\t\t\t<div class=\"elementor-widget-container\">\n\t\t\t\t\t<h1 class=\"elementor-heading-title elementor-size-default\">Nos moments en images\n<\/h1>\t\t\t\t<\/div>\n\t\t\t\t<\/div>\n\t\t\t\t<div class=\"elementor-element elementor-element-d722771 elementor-widget__width-initial elementor-widget-mobile__width-inherit elementor-widget elementor-widget-text-editor\" data-id=\"d722771\" data-element_type=\"widget\" data-e-type=\"widget\" data-widget_type=\"text-editor.default\">\n\t\t\t\t<div class=\"elementor-widget-container\">\n\t\t\t\t\t\t\t\t\tBienvenue dans la galerie photo officielle de la Chambre de Commerce et d\u2019Industrie du Burkina Faso. Retrouvez ici les temps forts de nos activit\u00e9s : conf\u00e9rences, c\u00e9r\u00e9monies officielles, formations, missions \u00e9conomiques, forums d\u2019affaires et autres \u00e9v\u00e9nements marquants.\n\n\t\t\t\t\t\t\t\t<\/div>\n\t\t\t\t<\/div>\n\t\t\t\t<div class=\"elementor-element elementor-element-f1efb80 elementor-widget__width-initial elementor-widget elementor-widget-search\" data-id=\"f1efb80\" data-element_type=\"widget\" data-e-type=\"widget\" data-settings=\"{&quot;submit_trigger&quot;:&quot;both&quot;,&quot;live_results&quot;:&quot;yes&quot;,&quot;pagination_type_options&quot;:&quot;none&quot;,&quot;results_is_dropdown_width&quot;:&quot;search_field&quot;}\" data-widget_type=\"search.default\">\n\t\t\t\t<div class=\"elementor-widget-container\">\n\t\t\t\t\t\t\t<search class=\"e-search hidden\" role=\"search\">\n\t\t\t<form class=\"e-search-form\" action=\"https:\/\/livingfrompassion2profits.com\/cci\" method=\"get\">\n\n\t\t\t\t\n\t\t\t\t<label class=\"e-search-label\" for=\"search-f1efb80\">\n\t\t\t\t\t<span class=\"elementor-screen-only\">\n\t\t\t\t\t\tSearch\t\t\t\t\t<\/span>\n\t\t\t\t\t\t\t\t\t<\/label>\n\n\t\t\t\t<div class=\"e-search-input-wrapper\">\n\t\t\t\t\t<input id=\"search-f1efb80\" placeholder=\"Tapez pour lancer la recherche...\" class=\"e-search-input\" type=\"search\" name=\"s\" value=\"\" autocomplete=\"on\" role=\"combobox\" aria-autocomplete=\"list\" aria-expanded=\"false\" aria-controls=\"results-f1efb80\" aria-haspopup=\"listbox\">\n\t\t\t\t\t<i aria-hidden=\"true\" class=\"fas fa-times\"><\/i>\t\t\t\t\t\t\t\t\t\t<output id=\"results-f1efb80\" class=\"e-search-results-container hide-loader\" aria-live=\"polite\" aria-atomic=\"true\" aria-label=\"Results for search\" tabindex=\"0\">\n\t\t\t\t\t\t<div class=\"e-search-results\"><\/div>\n\t\t\t\t\t\t\t\t\t\t\t<\/output>\n\t\t\t\t\t\t\t\t\t<\/div>\n\t\t\t\t\n\t\t\t\t\n\t\t\t\t<button class=\"e-search-submit  \" type=\"submit\">\n\t\t\t\t\t\n\t\t\t\t\t\t\t\t\t\t<span class=\"\">\n\t\t\t\t\t\tRecherche\t\t\t\t\t<\/span>\n\t\t\t\t\t\t\t\t\t<\/button>\n\t\t\t\t<input type=\"hidden\" name=\"e_search_props\" value=\"f1efb80-1308\">\n\t\t\t<\/form>\n\t\t<\/search>\n\t\t\t\t\t\t<\/div>\n\t\t\t\t<\/div>\n\t\t\t\t\t<\/div>\n\t\t\t\t<\/div>\n\t\t<div class=\"elementor-element elementor-element-6478c50 e-flex e-con-boxed e-con e-parent\" data-id=\"6478c50\" data-element_type=\"container\" data-e-type=\"container\">\n\t\t\t\t\t<div class=\"e-con-inner\">\n\t\t\t\t<div class=\"elementor-element elementor-element-8843d89 elementor-widget elementor-widget-upk-alice-grid\" data-id=\"8843d89\" data-element_type=\"widget\" data-e-type=\"widget\" data-widget_type=\"upk-alice-grid.default\">\n\t\t\t\t<div class=\"elementor-widget-container\">\n\t\t\t\t\t\t\t<div class=\"upk-alice-grid upk-ajax-grid\" data-loadmore=\"[]\">\n\t\t\t<div class=\"upk-alice-wrap upk-ajax-grid-wrap upk-content-bottom-center upk-style-3\">\n\t\t\t\t\t\t\t\t\t\t\t<div class=\"upk-item\">\n\t\t\t<div class=\"upk-item-box\">\n\t\t\t\t<div class=\"upk-img-wrap\">\n\t\t\t\t\t<img fetchpriority=\"high\" decoding=\"async\" width=\"640\" height=\"309\" src=\"https:\/\/livingfrompassion2profits.com\/cci\/wp-content\/uploads\/2025\/06\/DSC_0028_0.jpg\" class=\"upk-img\" alt=\"Signature convention de 5 milliards pour la comp\u00e9titivit\u00e9\" srcset=\"https:\/\/livingfrompassion2profits.com\/cci\/wp-content\/uploads\/2025\/06\/DSC_0028_0.jpg 640w, https:\/\/livingfrompassion2profits.com\/cci\/wp-content\/uploads\/2025\/06\/DSC_0028_0-300x145.jpg 300w, https:\/\/livingfrompassion2profits.com\/cci\/wp-content\/uploads\/2025\/06\/DSC_0028_0-600x290.jpg 600w\" sizes=\"(max-width: 640px) 100vw, 640px\" itemprop=\"image\" \/>\t\t\t\t<\/div>\n\t\t\t\t\t\t\t\t<div class=\"upk-content\">\n\t\t\t\t\t<h3 class=\"upk-title\"><a href=\"https:\/\/livingfrompassion2profits.com\/cci\/cci-photos\/signature-convention-de-5-milliards-pour-la-competitivite\/\" title=\"Signature convention de 5 milliards pour la comp\u00e9titivit\u00e9\" class=\"title-animation-underline\" aria-label=\"Signature convention de 5 milliards pour la comp\u00e9titivit\u00e9\">Signature convention de 5 milliards pour la comp\u00e9titivit\u00e9<\/a><\/h3>\n\t\t\t\t\t\t\t\t\t\t<div class=\"upk-meta\">\n\t\t\t\t\t\t\t\t\t\t\t\t<div data-separator=\".\">\n\t\t\t\t\t\t\t\t<div class=\"upk-date\">\n\t\t\tJune 13, 2025\t\t<\/div>\n\n\t\t\t\t\t\t\t\t\t<\/div>\n\t\t\t\t\t\t\t\t\t\t\t\t\t\t\t\t\t<\/div>\n\t\t\t\t\t\n\t\t\t\t<\/div>\n\t\t\t<\/div>\n\t\t<\/div>\n\t\t\t\t\t\t\t\t\t\t\t\t<div class=\"upk-item\">\n\t\t\t<div class=\"upk-item-box\">\n\t\t\t\t<div class=\"upk-img-wrap\">\n\t\t\t\t\t<img decoding=\"async\" width=\"680\" height=\"494\" src=\"data:image\/svg+xml;charset=utf-8,%3Csvg xmlns%3D&#039;http%3A%2F%2Fwww.w3.org%2F2000%2Fsvg&#039; viewBox%3D&#039;0 0 680 494&#039;%2F%3E\" class=\"upk-img ld-lazyload\" alt=\"Audience du Bureau Consulaire a la Primature\" itemprop=\"image\" data-src=\"https:\/\/livingfrompassion2profits.com\/cci\/wp-content\/uploads\/2025\/06\/Im2.png\" data-srcset=\"https:\/\/livingfrompassion2profits.com\/cci\/wp-content\/uploads\/2025\/06\/Im2.png 680w, https:\/\/livingfrompassion2profits.com\/cci\/wp-content\/uploads\/2025\/06\/Im2-300x218.png 300w\" data-sizes=\"(max-width: 680px) 100vw, 680px\" data-aspect=\"1.3765182186235\" \/>\t\t\t\t<\/div>\n\t\t\t\t\t\t\t\t<div class=\"upk-content\">\n\t\t\t\t\t<h3 class=\"upk-title\"><a href=\"https:\/\/livingfrompassion2profits.com\/cci\/cci-photos\/audience-du-bureau-consulaire-a-la-primature\/\" title=\"Audience du Bureau Consulaire a la Primature\" class=\"title-animation-underline\" aria-label=\"Audience du Bureau Consulaire a la Primature\">Audience du Bureau Consulaire a la Primature<\/a><\/h3>\n\t\t\t\t\t\t\t\t\t\t<div class=\"upk-meta\">\n\t\t\t\t\t\t\t\t\t\t\t\t<div data-separator=\".\">\n\t\t\t\t\t\t\t\t<div class=\"upk-date\">\n\t\t\tJune 13, 2025\t\t<\/div>\n\n\t\t\t\t\t\t\t\t\t<\/div>\n\t\t\t\t\t\t\t\t\t\t\t\t\t\t\t\t\t<\/div>\n\t\t\t\t\t\n\t\t\t\t<\/div>\n\t\t\t<\/div>\n\t\t<\/div>\n\t\t\t\t\t\t\t\t\t\t\t\t<div class=\"upk-item\">\n\t\t\t<div class=\"upk-item-box\">\n\t\t\t\t<div class=\"upk-img-wrap\">\n\t\t\t\t\t<img decoding=\"async\" width=\"700\" height=\"394\" src=\"data:image\/svg+xml;charset=utf-8,%3Csvg xmlns%3D&#039;http%3A%2F%2Fwww.w3.org%2F2000%2Fsvg&#039; viewBox%3D&#039;0 0 700 394&#039;%2F%3E\" class=\"upk-img ld-lazyload\" alt=\"Inauguration du si\u00e8ge de la D\u00e9l\u00e9gation Consulaire R\u00e9gionale\/ Boucle du Mouhoun: 2 mai 2019\" itemprop=\"image\" data-src=\"https:\/\/livingfrompassion2profits.com\/cci\/wp-content\/uploads\/2025\/06\/DSC_927520-20Copie.jpg\" data-srcset=\"https:\/\/livingfrompassion2profits.com\/cci\/wp-content\/uploads\/2025\/06\/DSC_927520-20Copie.jpg 700w, https:\/\/livingfrompassion2profits.com\/cci\/wp-content\/uploads\/2025\/06\/DSC_927520-20Copie-300x169.jpg 300w, https:\/\/livingfrompassion2profits.com\/cci\/wp-content\/uploads\/2025\/06\/DSC_927520-20Copie-600x338.jpg 600w\" data-sizes=\"(max-width: 700px) 100vw, 700px\" data-aspect=\"1.7766497461929\" \/>\t\t\t\t<\/div>\n\t\t\t\t\t\t\t\t<div class=\"upk-content\">\n\t\t\t\t\t<h3 class=\"upk-title\"><a href=\"https:\/\/livingfrompassion2profits.com\/cci\/cci-photos\/inauguration-du-siege-de-la-delegation-consulaire-regionale-boucle-du-mouhoun-2-mai-2019\/\" title=\"Inauguration du si\u00e8ge de la D\u00e9l\u00e9gation Consulaire R\u00e9gionale\/ Boucle du Mouhoun: 2 mai 2019\" class=\"title-animation-underline\" aria-label=\"Inauguration du si\u00e8ge de la D\u00e9l\u00e9gation Consulaire R\u00e9gionale\/ Boucle du Mouhoun: 2 mai 2019\">Inauguration du si\u00e8ge de la D\u00e9l\u00e9gation Consulaire R\u00e9gionale\/ Boucle du Mouhoun: 2 mai 2019<\/a><\/h3>\n\t\t\t\t\t\t\t\t\t\t<div class=\"upk-meta\">\n\t\t\t\t\t\t\t\t\t\t\t\t<div data-separator=\".\">\n\t\t\t\t\t\t\t\t<div class=\"upk-date\">\n\t\t\tJune 13, 2025\t\t<\/div>\n\n\t\t\t\t\t\t\t\t\t<\/div>\n\t\t\t\t\t\t\t\t\t\t\t\t\t\t\t\t\t<\/div>\n\t\t\t\t\t\n\t\t\t\t<\/div>\n\t\t\t<\/div>\n\t\t<\/div>\n\t\t\t\t\t\t\t\t\t\t\t\t<div class=\"upk-item\">\n\t\t\t<div class=\"upk-item-box\">\n\t\t\t\t<div class=\"upk-img-wrap\">\n\t\t\t\t\t<img loading=\"lazy\" decoding=\"async\" width=\"700\" height=\"376\" src=\"data:image\/svg+xml;charset=utf-8,%3Csvg xmlns%3D&#039;http%3A%2F%2Fwww.w3.org%2F2000%2Fsvg&#039; viewBox%3D&#039;0 0 700 376&#039;%2F%3E\" class=\"upk-img ld-lazyload\" alt=\"6\u00e8 \u00e9dition d&#8217;AFRICALLIA, les 13&#038;14 juin 2019 \u00e0 Abidjan\" itemprop=\"image\" data-src=\"https:\/\/livingfrompassion2profits.com\/cci\/wp-content\/uploads\/2025\/06\/DSC_0068.jpg\" data-srcset=\"https:\/\/livingfrompassion2profits.com\/cci\/wp-content\/uploads\/2025\/06\/DSC_0068.jpg 700w, https:\/\/livingfrompassion2profits.com\/cci\/wp-content\/uploads\/2025\/06\/DSC_0068-300x161.jpg 300w\" data-sizes=\"(max-width: 700px) 100vw, 700px\" data-aspect=\"1.8617021276596\" \/>\t\t\t\t<\/div>\n\t\t\t\t\t\t\t\t<div class=\"upk-content\">\n\t\t\t\t\t<h3 class=\"upk-title\"><a href=\"https:\/\/livingfrompassion2profits.com\/cci\/cci-photos\/6e-edition-dafricallia-les-1314-juin-2019-a-abidjan\/\" title=\"6\u00e8 \u00e9dition d&#8217;AFRICALLIA, les 13&#038;14 juin 2019 \u00e0 Abidjan\" class=\"title-animation-underline\" aria-label=\"6\u00e8 \u00e9dition d&#8217;AFRICALLIA, les 13&#038;14 juin 2019 \u00e0 Abidjan\">6\u00e8 \u00e9dition d&#8217;AFRICALLIA, les 13&#038;14 juin 2019 \u00e0 Abidjan<\/a><\/h3>\n\t\t\t\t\t\t\t\t\t\t<div class=\"upk-meta\">\n\t\t\t\t\t\t\t\t\t\t\t\t<div data-separator=\".\">\n\t\t\t\t\t\t\t\t<div class=\"upk-date\">\n\t\t\tJune 13, 2025\t\t<\/div>\n\n\t\t\t\t\t\t\t\t\t<\/div>\n\t\t\t\t\t\t\t\t\t\t\t\t\t\t\t\t\t<\/div>\n\t\t\t\t\t\n\t\t\t\t<\/div>\n\t\t\t<\/div>\n\t\t<\/div>\n\t\t\t\t\t\t\t\t\t\t\t\t<div class=\"upk-item\">\n\t\t\t<div class=\"upk-item-box\">\n\t\t\t\t<div class=\"upk-img-wrap\">\n\t\t\t\t\t<img loading=\"lazy\" decoding=\"async\" width=\"700\" height=\"409\" src=\"data:image\/svg+xml;charset=utf-8,%3Csvg xmlns%3D&#039;http%3A%2F%2Fwww.w3.org%2F2000%2Fsvg&#039; viewBox%3D&#039;0 0 700 409&#039;%2F%3E\" class=\"upk-img ld-lazyload\" alt=\"Retour sur les JPEC 2019 \u00e0 Dakar\" itemprop=\"image\" data-src=\"https:\/\/livingfrompassion2profits.com\/cci\/wp-content\/uploads\/2025\/06\/66381850_346516799351130_2530575798587359232_n.jpg\" data-srcset=\"https:\/\/livingfrompassion2profits.com\/cci\/wp-content\/uploads\/2025\/06\/66381850_346516799351130_2530575798587359232_n.jpg 700w, https:\/\/livingfrompassion2profits.com\/cci\/wp-content\/uploads\/2025\/06\/66381850_346516799351130_2530575798587359232_n-300x175.jpg 300w\" data-sizes=\"(max-width: 700px) 100vw, 700px\" data-aspect=\"1.7114914425428\" \/>\t\t\t\t<\/div>\n\t\t\t\t\t\t\t\t<div class=\"upk-content\">\n\t\t\t\t\t<h3 class=\"upk-title\"><a href=\"https:\/\/livingfrompassion2profits.com\/cci\/cci-photos\/retour-sur-les-jpec-2019-a-dakar\/\" title=\"Retour sur les JPEC 2019 \u00e0 Dakar\" class=\"title-animation-underline\" aria-label=\"Retour sur les JPEC 2019 \u00e0 Dakar\">Retour sur les JPEC 2019 \u00e0 Dakar<\/a><\/h3>\n\t\t\t\t\t\t\t\t\t\t<div class=\"upk-meta\">\n\t\t\t\t\t\t\t\t\t\t\t\t<div data-separator=\".\">\n\t\t\t\t\t\t\t\t<div class=\"upk-date\">\n\t\t\tJune 13, 2025\t\t<\/div>\n\n\t\t\t\t\t\t\t\t\t<\/div>\n\t\t\t\t\t\t\t\t\t\t\t\t\t\t\t\t\t<\/div>\n\t\t\t\t\t\n\t\t\t\t<\/div>\n\t\t\t<\/div>\n\t\t<\/div>\n\t\t\t\t\t\t\t\t\t\t\t\t<div class=\"upk-item\">\n\t\t\t<div class=\"upk-item-box\">\n\t\t\t\t<div class=\"upk-img-wrap\">\n\t\t\t\t\t<img loading=\"lazy\" decoding=\"async\" width=\"1000\" height=\"662\" src=\"data:image\/svg+xml;charset=utf-8,%3Csvg xmlns%3D&#039;http%3A%2F%2Fwww.w3.org%2F2000%2Fsvg&#039; viewBox%3D&#039;0 0 1000 662&#039;%2F%3E\" class=\"upk-img ld-lazyload\" alt=\"Ouverture \u00e0 Ouagadougou du 2\u00e8me Forum d&#8217;affaires ivoiro- burkinab\u00e8\" itemprop=\"image\" data-src=\"https:\/\/livingfrompassion2profits.com\/cci\/wp-content\/uploads\/2025\/06\/DSC_6536.jpg\" data-srcset=\"https:\/\/livingfrompassion2profits.com\/cci\/wp-content\/uploads\/2025\/06\/DSC_6536.jpg 1000w, https:\/\/livingfrompassion2profits.com\/cci\/wp-content\/uploads\/2025\/06\/DSC_6536-300x199.jpg 300w\" data-sizes=\"(max-width: 1000px) 100vw, 1000px\" data-aspect=\"1.5105740181269\" \/>\t\t\t\t<\/div>\n\t\t\t\t\t\t\t\t<div class=\"upk-content\">\n\t\t\t\t\t<h3 class=\"upk-title\"><a href=\"https:\/\/livingfrompassion2profits.com\/cci\/cci-photos\/ouverture-a-ouagadougou-du-2eme-forum-daffaires-ivoiro-burkinabe\/\" title=\"Ouverture \u00e0 Ouagadougou du 2\u00e8me Forum d&#8217;affaires ivoiro- burkinab\u00e8\" class=\"title-animation-underline\" aria-label=\"Ouverture \u00e0 Ouagadougou du 2\u00e8me Forum d&#8217;affaires ivoiro- burkinab\u00e8\">Ouverture \u00e0 Ouagadougou du 2\u00e8me Forum d&#8217;affaires ivoiro- burkinab\u00e8<\/a><\/h3>\n\t\t\t\t\t\t\t\t\t\t<div class=\"upk-meta\">\n\t\t\t\t\t\t\t\t\t\t\t\t<div data-separator=\".\">\n\t\t\t\t\t\t\t\t<div class=\"upk-date\">\n\t\t\tJune 13, 2025\t\t<\/div>\n\n\t\t\t\t\t\t\t\t\t<\/div>\n\t\t\t\t\t\t\t\t\t\t\t\t\t\t\t\t\t<\/div>\n\t\t\t\t\t\n\t\t\t\t<\/div>\n\t\t\t<\/div>\n\t\t<\/div>\n\t\t\t\t\t\t\t\t\t\t\t\t<div class=\"upk-item\">\n\t\t\t<div class=\"upk-item-box\">\n\t\t\t\t<div class=\"upk-img-wrap\">\n\t\t\t\t\t<img loading=\"lazy\" decoding=\"async\" width=\"700\" height=\"466\" src=\"data:image\/svg+xml;charset=utf-8,%3Csvg xmlns%3D&#039;http%3A%2F%2Fwww.w3.org%2F2000%2Fsvg&#039; viewBox%3D&#039;0 0 700 466&#039;%2F%3E\" class=\"upk-img ld-lazyload\" alt=\"2\u00e8me Rencontre Nationale Etat-Secteur Priv\u00e9- CODESP\" itemprop=\"image\" data-src=\"https:\/\/livingfrompassion2profits.com\/cci\/wp-content\/uploads\/2025\/06\/IMG_3103.jpg\" data-srcset=\"https:\/\/livingfrompassion2profits.com\/cci\/wp-content\/uploads\/2025\/06\/IMG_3103.jpg 700w, https:\/\/livingfrompassion2profits.com\/cci\/wp-content\/uploads\/2025\/06\/IMG_3103-300x200.jpg 300w\" data-sizes=\"(max-width: 700px) 100vw, 700px\" data-aspect=\"1.5021459227468\" \/>\t\t\t\t<\/div>\n\t\t\t\t\t\t\t\t<div class=\"upk-content\">\n\t\t\t\t\t<h3 class=\"upk-title\"><a href=\"https:\/\/livingfrompassion2profits.com\/cci\/cci-photos\/2eme-rencontre-nationale-etat-secteur-prive-codesp\/\" title=\"2\u00e8me Rencontre Nationale Etat-Secteur Priv\u00e9- CODESP\" class=\"title-animation-underline\" aria-label=\"2\u00e8me Rencontre Nationale Etat-Secteur Priv\u00e9- CODESP\">2\u00e8me Rencontre Nationale Etat-Secteur Priv\u00e9- CODESP<\/a><\/h3>\n\t\t\t\t\t\t\t\t\t\t<div class=\"upk-meta\">\n\t\t\t\t\t\t\t\t\t\t\t\t<div data-separator=\".\">\n\t\t\t\t\t\t\t\t<div class=\"upk-date\">\n\t\t\tJune 13, 2025\t\t<\/div>\n\n\t\t\t\t\t\t\t\t\t<\/div>\n\t\t\t\t\t\t\t\t\t\t\t\t\t\t\t\t\t<\/div>\n\t\t\t\t\t\n\t\t\t\t<\/div>\n\t\t\t<\/div>\n\t\t<\/div>\n\t\t\t\t\t\t\t\t\t\t\t\t<div class=\"upk-item\">\n\t\t\t<div class=\"upk-item-box\">\n\t\t\t\t<div class=\"upk-img-wrap\">\n\t\t\t\t\t<img loading=\"lazy\" decoding=\"async\" width=\"2500\" height=\"1655\" src=\"data:image\/svg+xml;charset=utf-8,%3Csvg xmlns%3D&#039;http%3A%2F%2Fwww.w3.org%2F2000%2Fsvg&#039; viewBox%3D&#039;0 0 1600 1059&#039;%2F%3E\" class=\"upk-img ld-lazyload\" alt=\"3\u00e8me Rencontre Nationale Etat\/Secteur priv\u00e9\" itemprop=\"image\" data-src=\"https:\/\/livingfrompassion2profits.com\/cci\/wp-content\/uploads\/2025\/06\/DSC_276920-20Copie_1.jpg\" data-srcset=\"https:\/\/livingfrompassion2profits.com\/cci\/wp-content\/uploads\/2025\/06\/DSC_276920-20Copie_1.jpg 2500w, https:\/\/livingfrompassion2profits.com\/cci\/wp-content\/uploads\/2025\/06\/DSC_276920-20Copie_1-300x199.jpg 300w, https:\/\/livingfrompassion2profits.com\/cci\/wp-content\/uploads\/2025\/06\/DSC_276920-20Copie_1-1024x678.jpg 1024w, https:\/\/livingfrompassion2profits.com\/cci\/wp-content\/uploads\/2025\/06\/DSC_276920-20Copie_1-600x397.jpg 600w\" data-sizes=\"(max-width: 2500px) 100vw, 2500px\" data-aspect=\"1.5108593012276\" \/>\t\t\t\t<\/div>\n\t\t\t\t\t\t\t\t<div class=\"upk-content\">\n\t\t\t\t\t<h3 class=\"upk-title\"><a href=\"https:\/\/livingfrompassion2profits.com\/cci\/cci-photos\/3eme-rencontre-nationale-etat-secteur-prive\/\" title=\"3\u00e8me Rencontre Nationale Etat\/Secteur priv\u00e9\" class=\"title-animation-underline\" aria-label=\"3\u00e8me Rencontre Nationale Etat\/Secteur priv\u00e9\">3\u00e8me Rencontre Nationale Etat\/Secteur priv\u00e9<\/a><\/h3>\n\t\t\t\t\t\t\t\t\t\t<div class=\"upk-meta\">\n\t\t\t\t\t\t\t\t\t\t\t\t<div data-separator=\".\">\n\t\t\t\t\t\t\t\t<div class=\"upk-date\">\n\t\t\tJune 13, 2025\t\t<\/div>\n\n\t\t\t\t\t\t\t\t\t<\/div>\n\t\t\t\t\t\t\t\t\t\t\t\t\t\t\t\t\t<\/div>\n\t\t\t\t\t\n\t\t\t\t<\/div>\n\t\t\t<\/div>\n\t\t<\/div>\n\t\t\t\t\t\t\t\t<\/div>\n\t\t<\/div>\n\n\t\t\n\t\t\t\t\t\t<\/div>\n\t\t\t\t<\/div>\n\t\t\t\t\t<\/div>\n\t\t\t\t<\/div>\n\t\t\t\t<\/div>\n\t\t","protected":false},"excerpt":{"rendered":"<p>Nos moments en images Bienvenue dans la galerie photo officielle de la Chambre de Commerce et d\u2019Industrie du Burkina Faso. Retrouvez ici les temps forts de nos activit\u00e9s : conf\u00e9rences, c\u00e9r\u00e9monies officielles, formations, missions \u00e9conomiques, forums d\u2019affaires et autres \u00e9v\u00e9nements marquants. Search Recherche Signature convention de 5 milliards pour la comp\u00e9titivit\u00e9 juin 13, 2025 Audience [&hellip;]<\/p>\n","protected":false},"author":1,"featured_media":0,"parent":0,"menu_order":0,"comment_status":"closed","ping_status":"closed","template":"","meta":{"footnotes":""},"class_list":["post-1308","page","type-page","status-publish","hentry"],"_links":{"self":[{"href":"https:\/\/livingfrompassion2profits.com\/cci\/wp-json\/wp\/v2\/pages\/1308","targetHints":{"allow":["GET"]}}],"collection":[{"href":"https:\/\/livingfrompassion2profits.com\/cci\/wp-json\/wp\/v2\/pages"}],"about":[{"href":"https:\/\/livingfrompassion2profits.com\/cci\/wp-json\/wp\/v2\/types\/page"}],"author":[{"embeddable":true,"href":"https:\/\/livingfrompassion2profits.com\/cci\/wp-json\/wp\/v2\/users\/1"}],"replies":[{"embeddable":true,"href":"https:\/\/livingfrompassion2profits.com\/cci\/wp-json\/wp\/v2\/comments?post=1308"}],"version-history":[{"count":16,"href":"https:\/\/livingfrompassion2profits.com\/cci\/wp-json\/wp\/v2\/pages\/1308\/revisions"}],"predecessor-version":[{"id":1323,"href":"https:\/\/livingfrompassion2profits.com\/cci\/wp-json\/wp\/v2\/pages\/1308\/revisions\/1323"}],"wp:attachment":[{"href":"https:\/\/livingfrompassion2profits.com\/cci\/wp-json\/wp\/v2\/media?parent=1308"}],"curies":[{"name":"wp","href":"https:\/\/api.w.org\/{rel}","templated":true}]}}